 2*g - 5 + 2 + 2 - u*g. Give h(-6).
5
Let g(b) = 3*b**3 - b**2 + 3*b - 8*b + 4*b. What is g(-1)?
-3
Let z(a) = -18*a**2 - 3*a - 9. Let d(l) = -17*l**2 - 2*l - 9. Let r(v) = 4*d(v) - 3*z(v). Let y(k) = 5*k**2 + 3. Let m(w) = 6*r(w) + 17*y(w). Calculate m(-6).
-3
Suppose -3*n = -5*g - n - 5, 3*g - 2*n - 1 = 0. Let o be -7 - (-3 - g/3). Let s(c) = -c**2 - 5*c - 7. Determine s(o).
-7
Suppose 3*f = -5*j - 2*f + 55, -4*j + 2*f + 20 = 0. Let n(y) = -y**3 + 6*y**2 + 8*y. Give n(j).
7
Let n(o) = -o**3 + 4*o**2 + 4*o + 6. Let m be n(5). Suppose 4*i + 5*h = -30 - m, 0 = -2*i - 4*h - 20. Let u = 6 + i. Let x(g) = g**2 - 4*g - 1. What is x(u)?
-5
Let v(w) = w**3 - 4*w**2 - 3*w + 5. Let y(m) = m - 2. Let p be y(7). Calculate v(p).
15
Let y(q) = -3*q + 7. Let j(d) = 1 + 2*d - 3*d + 3. Let c(g) = -5*j(g) + 2*y(g). What is c(-4)?
-2
Let k be 1 + 1/(-1 - -2). Let p(a) = 0*a - k*a - 1 + a. Give p(-5).
4
Let j(m) = -2*m - 1 - 1 + 2. Let x = -20 - -16. Determine j(x).
8
Let j(x) = 3*x**3 - x**2 - 2*x. Let k(t) = -t**3 - t**2 + 1. Let m(b) = j(b) + 2*k(b). Calculate m(4).
10
Let c = 8 - 3. Let g(y) = c*y - 5*y + y + y**2 + 2. Suppose -f + j = 0, 0*f - 4*j = -f. Give g(f).
2
Let v(q) = -q**2 + 1 - 2*q**2 + 2*q - q**2. Let k be (64/(-18))/(-2) + (-2)/(-9). What is v(k)?
-11
Let o(d) = d**3 + 3*d**2 - 2*d - 1. Let l be o(-3). Let f be -2 + (2 - 1) + 2. Let y(u) = 2*u**2 - f - 3*u**2 + u + 4*u + 0*u. Give y(l).
-1
Let i(y) = y**2 + 12*y + 41. Let k be i(-6). Let c(j) = -2*j - 4. Calculate c(k).
-14
Suppose -2*j - 3 + 7 = 0. Let t(v) be the first derivative of 0*v**2 - 2 + v + 1/3*v**3. What is t(j)?
5
Let o(m) = 3*m + 1. Let w(c) = c**2 + 8*c - 3. Let d be w(-9). Suppose 4 = 4*i - d*i. Determine o(i).
-5
Let r(d) = d**2 + 2*d + 1. Let f be 8/2 - 10/2. Calculate r(f).
0
Let m be 2/(-3)*3*-1. Suppose 0 = i + m, y + 4 = -3*i. Let s(t) = 6 - 18*t - 8 + 21*t. Determine s(y).
4
Let o = 4 - 8. Let z be (49/(-14))/(2/o). Let a = -2 + z. Let g(m) = m**2 - 5*m - 3. Determine g(a).
-3
Let z(s) be the second derivative of -s**5/20 - 5*s**4/12 + 2*s**2 - 17*s. Calculate z(-4).
-12
Let q(f) = 3*f**3 + f**2 + f + 1. Let d(m) = 4*m + 2. Let a be d(2). Let z = 14 - a. Let j = 3 - z. Calculate q(j).
-2
Let p(x) = -4*x**3 + x. Suppose 24 = -0*m + 4*m. Let v be ((-4)/m)/(14/21). Calculate p(v).
3
Let t(j) = -3*j. Let w = 0 + 1. Let n be (w/3)/(5/(-15)). Calculate t(n).
3
Let l(h) be the first derivative of -2*h**4 + h**3/3 + h**2/2 + h + 2. Suppose -5*b - 9 + 4 = 0. Calculate l(b).
9
Let c = -3 + 5. Let x(i) = -i**c + i**3 + 2*i - 3*i - 2 + 2*i. Calculate x(0).
-2
Suppose 14*n - 15*n - 1 = 0. Let w(k) = -2*k**3 - k**2 - 2*k - 1. What is w(n)?
2
Let m = -8 + 0. Let h = 3 + m. Let p(o) = -o**3 - 4*o**2 + 3*o - 6. Calculate p(h).
4
Suppose 35 = 4*j - 3*y, 0*j - 10 = -4*j - 2*y. Let k(b) = -b - 1 + 0 + j*b + b. Let a be k(1). Let f(s) = s**2 - 2*s - 2. Give f(a).
6
Suppose 5*s + 0*s + 5 = 0. Let r = s + -4. Let h(c) be the first derivative of -c**2/2 + 2*c + 11. Calculate h(r).
7
Let c(s) = 2*s + 1. Let q be c(1). Let n(t) = 2*t + 1. Let y(m) = 9*m. Let b(i) = i. Let o(p) = -6*b(p) + y(p). Let z(j) = q*o(j) - 4*n(j). What is z(0)?
-4
Suppose -r + 3*u - 9 = 0, 3*u = -3*r + 2*u + 13. Let n(s) be the third derivative of 0*s + 0 + 1/24*s**4 - s**r - 3*s**2. What is n(6)?
0
Let s(q) be the first derivative of 0*q**2 + 6*q + 4 - 1/3*q**3. Suppose -r + 0*d - 5 = -d, -25 = r - 5*d. What is s(r)?
6
Suppose 4 = -o - x - 2*x, 0 = -o - 2*x. Let g(j) = -j**2 + 8*j - 5. What is g(o)?
-5
Let o(i) = 2*i - 4. Let l be o(4). Let n be (-5)/(-10) + 10/l. Let u(d) = -d**3 + 4*d**2 - d - 2. Give u(n).
4
Let c(y) = -y**2 - 9*y - 8. Let f be c(-8). Suppose 2*q - 7 + 33 = 2*i, f = -5*q - 4*i - 20. Let r = 4 + q. Let m(t) = t + 5. Determine m(r).
1
Suppose -d = -3 - 1. Suppose -5*m + d = 3*x - 1, m = -5*x + 1. Let h(p) = -p + 4. What is h(x)?
4
Let y(k) = -k**2 + 10*k + 13. Let f = 90 + -79. Calculate y(f).
2
Let p(l) = 4*l + 3*l + 2 + 0 - 10*l. What is p(2)?
-4
Suppose 4*f - 3*f = 0. Let z(k) = 2*k - 1. Let n be z(4). Let o(u) = u + 7 - n - u**3. Give o(f).
0
Let t(h) = h**2 - h. Let m = 38 - 34. Determine t(m).
12
Let f(m) = m**3 - m**2 + m - 2. Let n(c) = -c**3 + 13*c**2 - 11*c - 7. Let i be n(12). Let r = i - 3. Calculate f(r).
4
Suppose -17 = -5*l + 18. Let f(j) = -2*j + 3. Calculate f(l).
-11
Let l(r) = -r**2 + 2*r. Suppose 0 = -2*n + 10. Suppose n*t - 9 = 11. Calculate l(t).
-8
Let s(z) = z**2 + 3*z - 1. Let u(a) = a + 4 + 0 + a - a. Let r be u(4). Let j be (r + -2)/((-6)/4). Give s(j).
3
Let q(y) = y + 13. Let h be (-1)/(-1 - (2 - (-84)/(-27))). Calculate q(h).
4
Suppose 2*f - 4 = 3*f. Suppose 0 = -2*a - 5 + 19. Let z = a + f. Let p(v) = -3*v + 4. What is p(z)?
-5
Let t be 1 + 4 + -4 + 2. Let a(n) = n**3 + 5*n**2 - 8*n - 9. Let z be a(-6). Let j(s) = z*s**2 - 8*s**2 - t + s**3 + 3*s + 4 + 1. What is j(3)?
-7
Let k(h) = h**3 - h**2 - 3*h. Let a be k(-3). Let x = -32 - a. Let i(o) = -o - 7. Give i(x).
-2
Let c(q) be the second derivative of 0*q**2 + 0 + q - 1/3*q**3. Give c(-4).
8
Suppose -2*c - 9 + 21 = 0. Let q = 8 - c. Let f(h) = -h + 1. Determine f(q).
-1
Let g = 16 - 10. Let v(d) = -d + 8. Give v(g).
2
Let b = 15 - 15. Suppose 0 = -5*w - b*w - 10. Let j(l) = l**2 + l - 1. Give j(w).
1
Let h(r) = r - 3. Suppose -5*w + 2*o + 8 = 0, 0 = 3*o + 2 + 10. Determine h(w).
-3
Suppose 18*h - 16*h + 10 = 0. Let t(w) = 3*w. Give t(h).
-15
Let d = -3 + 5. Suppose 3*s - d + 5 = 0. Let g(n) = 3*n**3 - n - 1. Determine g(s).
-3
Let o(h) be the second derivative of -h**3/2 + 7*h**2/2 + 9*h. Let k(b) = -2*b - 11. Let w be k(-8). What is o(w)?
-8
Let n(z) be the second derivative of -z**5/20 - z**4/3 + 3*z**2/2 + 15*z. Let s(j) = -4*j**2 - j + 1. Let k = 2 - 1. Let w be s(k). What is n(w)?
3
Let w = -172 + 178. Let m(c) be the third derivative of c**5/60 - 7*c**4/24 + c**3/3 + c**2. Determine m(w).
-4
Let j(b) = -b + 1. Let q(d) = 3*d**2 + 3. Let w = -4 - -3. Let v(z) = w*q(z) + 3*j(z). Suppose 0 = 3*l + 3*h - 3 + 9, -2*l - 5*h = 4. Calculate v(l).
-6
Suppose 1 = 3*a - 2. Let b be ((-20)/(-8))/(a/(-2)). Let j(t) = -1 + 4 + t + 4. Give j(b).
2
Let k = 4 + -11. Let w = k + 9. Let q(o) = -o**3 + 2*o**2 + 3*o - 1. What is q(w)?
5
Let g(l) be the third derivative of -l**2 + 0 - 1/720*l**6 - 1/8*l**4 + 0*l**3 + 0*l - 1/120*l**5. Let y(k) be the second derivative of g(k). Calculate y(4).
-5
Let s(n) = -n**3 + 6*n**2 - 4*n + 1. Let d(r) = 2*r**2 - r + 4. Let u(q) = -3*q**2 + 2*q - 9. Let j(a) = 5*d(a) + 3*u(a). Let m be j(-4). Calculate s(m).
6
Let h = -8 + 19. Let b = 10 - h. Let z(x) = x - 1. Let t(m) = -11*m + 1. Let o(f) = t(f) + 2*z(f). Determine o(b).
8
Let q(a) = a**2 + 5*a + 1. Let k be q(-5). Let w(j) = 2*j + 5. Let i(g) = 3*g + 9. Let c(s) = -3*i(s) + 5*w(s). Give c(k).
-1
Let q(w) = 2*w + 4 - w - 1. Determine q(-5).
-2
Let r(g) = g - 5. Let m(x) = x - 7. Let k(u) = -5*m(u) + 4*r(u). Let c be (-2)/(-4)*(4 - 4). Give k(c).
15
Let y(i) = 2*i. Let s(v) = 23*v**2 - v + 1. Suppose 0 = -2*a - 3*p + 14, 0*p = 2*p - 8. Let n be s(a). Suppose n = 2*j + 3*j - 4*t, j + t = 1. Determine y(j).
6
Let m be (-4)/(-10) + ((-640)/25)/4. Let s(w) = -w**2 - 6*w + 3. What is s(m)?
3
Let h(b) = b + 5. Let y(l) = -l**2 - 7*l - 3. Let k be y(-7). Let x be h(k). Let s be (0/(x/(-2)))/(-2). Let q(d) = -d + 3. What is q(s)?
3
Let w(y) be the second derivative of -y**4/12 - y**3/6 - 2*y**2 - 6*y. What is w(0)?
-4
Let z(s) = -2*s - 1 + 2*s**2 + 4*s**2 + s. Suppose -3*y + 2*y + 2*p = 5, -5*y - 5*p = -35. Let a be 1/(1/((-3)/y)). Determine z(a).
6
Let r(q) = 0*q**2 - 3*q - 2*q**2 + q**2 - q**3 + 3 - 4*q**2. Let l(u) = -u**2 + 6*u - 2. Let z be l(5). Suppose -5 - 7 = -z*c, 2*o - 4*c + 24 = 0. Give r(o).
-1
Let c(w) = 4*w + 3. Suppose 0 = 3*j - 2*j + 3. What is c(j)?
-9
Let q(p) = 3*p - p - 5 + p**2 - 5*p. Let r = -15 + 21. Let x = r - 1. Give q(x).
5
Let f(w) = -w**2 + w. Let i be f(1). Let b(j) = 6 - 1 - 1 + i - j. Give b(-3).
7
Let b(s) = 8*s + 4. Let z(n) = 2*n + 1. Let q(v) = 2*b(v) - 9*z(v). Let a(k) = k + 1. Let r(p) = 3*a(p) + q(p). Give r(-4).
-2
Let f(u) = -4*u**2 + 6*u - 5. Let h(d) = 7*d**3 - 2*d**2 + 2*d - 1. Let o be h(1). Let i(z) = 7*z**2 - 11*z + 9. Let n(a) = o*i(a) + 11*f(a). What is n(1)?
-3
Suppose 4 = 2*g + 2*g. Let x(t) = 4*t**3 